{"id":423,"date":"2024-04-07T11:27:21","date_gmt":"2024-04-07T09:27:21","guid":{"rendered":"https:\/\/fraganciahuelva.com\/?post_type=product&#038;p=423"},"modified":"2024-04-07T12:39:01","modified_gmt":"2024-04-07T10:39:01","slug":"quimmah-de-lattafa-for-women-eau-de-parfum-un-encanto-floral-dulce-para-mujeres-fragancia-oriental-sofisticada","status":"publish","type":"product","link":"https:\/\/fraganciahuelva.com\/index.php\/producto\/quimmah-de-lattafa-for-women-eau-de-parfum-un-encanto-floral-dulce-para-mujeres-fragancia-oriental-sofisticada\/","title":{"rendered":"Quimmah de Lattafa for Women Eau de Parfum: Un Encanto Floral Dulce para Mujeres | Fragancia Oriental Sofisticada"},"content":{"rendered":"<div class=\"dx-tc-tabs dxj-tc-tabs\" role=\"tablist\" aria-label=\"TabCordion\"><button class=\"dx-tab dxj-tab is-active\" role=\"tab\" aria-selected=\"true\" aria-controls=\"tab-description\">Descripci\u00f3n<\/button><\/div>\n<div id=\"tab-description\" class=\"dx-tc-card dxj-tc-card is-active\" tabindex=\"0\" role=\"tabpanel\" aria-labelledby=\"tab-description\">\n<div class=\"dx-tc-card-body\">\n<div class=\"dx-tc-card-content\">\n<div class=\"dx-specifications\">\n<div class=\"dx-specifications--container\">\n<div class=\"dx-specifications--properties\">\n<div class=\"dx-specifications--property\">\n<div class=\"dx_property-icon\"><\/div>\n<div class=\"dx_property-name\">Marca<\/div>\n<div class=\"dx_property-values\">\n<div class=\"dx_property-values--value\">Lattafa<\/div>\n<\/div>\n<\/div>\n<div class=\"dx-specifications--property\">\n<div class=\"dx_property-icon\"><\/div>\n<div class=\"dx_property-name\">L\u00ednea de producto<\/div>\n<div class=\"dx_property-values\">\n<div class=\"dx_property-values--value\">Qimmah<\/div>\n<\/div>\n<\/div>\n<div class=\"dx-specifications--property\">\n<div class=\"dx_property-icon\"><\/div>\n<div class=\"dx_property-name\">Para qui\u00e9n<\/div>\n<div class=\"dx_property-values\">\n<div class=\"dx_property-values--value\">Hombres<\/div>\n<\/div>\n<\/div>\n<div class=\"dx-specifications--property\">\n<div class=\"dx_property-icon\"><\/div>\n<div class=\"dx_property-name\">Tipo de fragancia<\/div>\n<div class=\"dx_property-values\">\n<div class=\"dx_property-values--value\">Oriental Amaderada<\/div>\n<\/div>\n<\/div>\n<div class=\"dx-specifications--property\">\n<div class=\"dx_property-icon\"><\/div>\n<div class=\"dx_property-name\">Spray<\/div>\n<div class=\"dx_property-values\">\n<div class=\"dx_property-values--value\">Si<\/div>\n<\/div>\n<\/div>\n<\/div>\n<\/div>\n<\/div>\n<div id=\"dx-description-container\" class=\"\">\n<div class=\"dx-product-description\">\n<p>El Eau de parfum Lattafa Qimmah te permite disfrutar de su aroma durante mucho tiempo. Es una de las f\u00f3rmulas de perfume m\u00e1s concentradas ya que contiene entre un 10 % y un 20 % de aceites arom\u00e1ticos. Para una experiencia arom\u00e1tica a\u00fan m\u00e1s prolongada, combina tu Eau de parfum con los productos de cuidado de la piel Lattafa Qimmah.<\/p>\n<\/div>\n<div class=\"dx-fragrance-notes\">\n<h3>Notas de salida<\/h3>\n<p>Madera de oud, Cedro<\/p>\n<h3>Coraz\u00f3n<\/h3>\n<p>Lavanda, Romero, Salvia<\/p>\n<h3>Base<\/h3>\n<p>Pachul\u00ed, Vetiver<\/p>\n<\/div>\n<\/div>\n<\/div>\n<\/div>\n<\/div>\n","protected":false},"excerpt":{"rendered":"<div class=\"dx-tc-tabs dxj-tc-tabs\" role=\"tablist\" aria-label=\"TabCordion\"><button class=\"dx-tab dxj-tab is-active\" role=\"tab\" aria-selected=\"true\" aria-controls=\"tab-description\">Descripci\u00f3n<\/button><\/div>\n<div id=\"tab-description\" class=\"dx-tc-card dxj-tc-card is-active\" tabindex=\"0\" role=\"tabpanel\" aria-labelledby=\"tab-description\">\n<div class=\"dx-tc-card-body\">\n<div class=\"dx-tc-card-content\">\n<div class=\"dx-specifications\">\n<div class=\"dx-specifications--container\">\n<div class=\"dx-specifications--properties\">\n<div class=\"dx-specifications--property\">\n<div class=\"dx_property-icon\"><\/div>\n<div class=\"dx_property-name\">Marca<\/div>\n<div class=\"dx_property-values\">\n<div class=\"dx_property-values--value\">Lattafa<\/div>\n<\/div>\n<\/div>\n<div class=\"dx-specifications--property\">\n<div class=\"dx_property-icon\"><\/div>\n<div class=\"dx_property-name\">L\u00ednea de producto<\/div>\n<div class=\"dx_property-values\">\n<div class=\"dx_property-values--value\">Qimmah<\/div>\n<\/div>\n<\/div>\n<div class=\"dx-specifications--property\">\n<div class=\"dx_property-icon\"><\/div>\n<div class=\"dx_property-name\">Para qui\u00e9n<\/div>\n<div class=\"dx_property-values\">\n<div class=\"dx_property-values--value\">Hombres<\/div>\n<\/div>\n<\/div>\n<div class=\"dx-specifications--property\">\n<div class=\"dx_property-icon\"><\/div>\n<div class=\"dx_property-name\">Tipo de fragancia<\/div>\n<div class=\"dx_property-values\">\n<div class=\"dx_property-values--value\">Oriental Amaderada<\/div>\n<\/div>\n<\/div>\n<div class=\"dx-specifications--property\">\n<div class=\"dx_property-icon\"><\/div>\n<div class=\"dx_property-name\">Spray<\/div>\n<div class=\"dx_property-values\">\n<div class=\"dx_property-values--value\">Si<\/div>\n<\/div>\n<\/div>\n<\/div>\n<\/div>\n<\/div>\n<div id=\"dx-description-container\" class=\"\">\n<div class=\"dx-product-description\">\n<p>El Eau de parfum Lattafa Qimmah te permite disfrutar de su aroma durante mucho tiempo. Es una de las f\u00f3rmulas de perfume m\u00e1s concentradas ya que contiene entre un 10 % y un 20 % de aceites arom\u00e1ticos. Para una experiencia arom\u00e1tica a\u00fan m\u00e1s prolongada, combina tu Eau de parfum con los productos de cuidado de la piel Lattafa Qimmah.<\/p>\n<\/div>\n<div class=\"dx-fragrance-notes\">\n<h3>Notas de salida<\/h3>\n<p>Madera de oud, Cedro<\/p>\n<h3>Coraz\u00f3n<\/h3>\n<p>Lavanda, Romero, Salvia<\/p>\n<h3>Base<\/h3>\n<p>Pachul\u00ed, Vetiver<\/p>\n<\/div>\n<\/div>\n<\/div>\n<\/div>\n<\/div>\n","protected":false},"featured_media":424,"comment_status":"open","ping_status":"closed","template":"","meta":{"site-sidebar-layout":"default","site-content-layout":"","ast-site-content-layout":"default","site-content-style":"default","site-sidebar-style":"default","ast-global-header-display":"","ast-banner-title-visibility":"","ast-main-header-display":"","ast-hfb-above-header-display":"","ast-hfb-below-header-display":"","ast-hfb-mobile-header-display":"","site-post-title":"","ast-breadcrumbs-content":"","ast-featured-img":"","footer-sml-layout":"","theme-transparent-header-meta":"default","adv-header-id-meta":"","stick-header-meta":"","header-above-stick-meta":"","header-main-stick-meta":"","header-below-stick-meta":"","astra-migrate-meta-layouts":"set","ast-page-background-enabled":"default","ast-page-background-meta":{"desktop":{"background-color":"var(--ast-global-color-4)","background-image":"","background-repeat":"repeat","background-position":"center center","background-size":"auto","background-attachment":"scroll","background-type":"","background-media":"","overlay-type":"","overlay-color":"","overlay-opacity":"","overlay-gradient":""},"tablet":{"background-color":"","background-image":"","background-repeat":"repeat","background-position":"center center","background-size":"auto","background-attachment":"scroll","background-type":"","background-media":"","overlay-type":"","overlay-color":"","overlay-opacity":"","overlay-gradient":""},"mobile":{"background-color":"","background-image":"","background-repeat":"repeat","background-position":"center center","background-size":"auto","background-attachment":"scroll","background-type":"","background-media":"","overlay-type":"","overlay-color":"","overlay-opacity":"","overlay-gradient":""}},"ast-content-background-meta":{"desktop":{"background-color":"var(--ast-global-color-5)","background-image":"","background-repeat":"repeat","background-position":"center center","background-size":"auto","background-attachment":"scroll","background-type":"","background-media":"","overlay-type":"","overlay-color":"","overlay-opacity":"","overlay-gradient":""},"tablet":{"background-color":"var(--ast-global-color-5)","background-image":"","background-repeat":"repeat","background-position":"center center","background-size":"auto","background-attachment":"scroll","background-type":"","background-media":"","overlay-type":"","overlay-color":"","overlay-opacity":"","overlay-gradient":""},"mobile":{"background-color":"var(--ast-global-color-5)","background-image":"","background-repeat":"repeat","background-position":"center center","background-size":"auto","background-attachment":"scroll","background-type":"","background-media":"","overlay-type":"","overlay-color":"","overlay-opacity":"","overlay-gradient":""}},"_joinchat":[]},"product_brand":[],"product_cat":[22],"product_tag":[21],"class_list":{"0":"post-423","1":"product","2":"type-product","3":"status-publish","4":"has-post-thumbnail","6":"product_cat-perfumearabe","7":"product_tag-perfumearabe","8":"desktop-align-left","9":"tablet-align-left","10":"mobile-align-left","12":"first","13":"instock","14":"shipping-taxable","15":"purchasable","16":"product-type-simple"},"_links":{"self":[{"href":"https:\/\/fraganciahuelva.com\/index.php\/wp-json\/wp\/v2\/product\/423","targetHints":{"allow":["GET"]}}],"collection":[{"href":"https:\/\/fraganciahuelva.com\/index.php\/wp-json\/wp\/v2\/product"}],"about":[{"href":"https:\/\/fraganciahuelva.com\/index.php\/wp-json\/wp\/v2\/types\/product"}],"replies":[{"embeddable":true,"href":"https:\/\/fraganciahuelva.com\/index.php\/wp-json\/wp\/v2\/comments?post=423"}],"wp:featuredmedia":[{"embeddable":true,"href":"https:\/\/fraganciahuelva.com\/index.php\/wp-json\/wp\/v2\/media\/424"}],"wp:attachment":[{"href":"https:\/\/fraganciahuelva.com\/index.php\/wp-json\/wp\/v2\/media?parent=423"}],"wp:term":[{"taxonomy":"product_brand","embeddable":true,"href":"https:\/\/fraganciahuelva.com\/index.php\/wp-json\/wp\/v2\/product_brand?post=423"},{"taxonomy":"product_cat","embeddable":true,"href":"https:\/\/fraganciahuelva.com\/index.php\/wp-json\/wp\/v2\/product_cat?post=423"},{"taxonomy":"product_tag","embeddable":true,"href":"https:\/\/fraganciahuelva.com\/index.php\/wp-json\/wp\/v2\/product_tag?post=423"}],"curies":[{"name":"wp","href":"https:\/\/api.w.org\/{rel}","templated":true}]}}